divided by (4 + -14 - 2)/(3/(-2))?
6
Let i be ((-2)/(-18)*-2)/(1/(-9)). Suppose -3*n + 75 = 3*y, 4*n - 2*n - 70 = i*y. Calculate the remainder when n is divided by 3.
0
Suppose -3*n + 5*c = -144, 35 = 4*n - c - 157. Let a = n + -43. Calculate the remainder when 39 is divided by 4/(a/10 + 0).
7
Suppose -1688 = -11*j + 314. Let u(v) = -3*v - 5. What is the remainder when (-1885)/j*-2 + (-2)/(-7) is divided by u(-6)?
8
Let p(m) = m**2 + 14. Let r(u) = -u. Let s(t) = p(t) - 6*r(t). What is the remainder when (-2 + 51)*(1 - 0) is divided by s(-6)?
7
Let d(g) = -19*g + 177. Let l(n) = 3*n**3 + n - 1. Calculate the remainder when l(2) is divided by d(9).
1
Suppose 39*w - 2720 = -68. Calculate the remainder when w is divided by 35.
33
Let a(r) = 7*r - 10. Let f be a(-10). Let g = f - -98. Let o(h) = h**3 + h**2 - h + 45. Calculate the remainder when o(0) is divided by g.
9
Suppose 798 = 2*v + 2*g, 2*v - 14*g = -15*g + 790. Calculate the remainder when 1433 is divided by v.
260
Suppose 16*a - 61 = 3. Suppose 28 = a*f - 0. What is the remainder when 73 is divided by f?
3
Suppose -5*y - 5 = -15. Suppose 0 = -5*i - y*o + 710, -3*i - 2*i + 675 = -5*o. What is the remainder when i is divided by (-4)/(-10)*70 - 4?
20
Suppose 2*x + 1 = 33. Suppose -2*f = p - 22, 3*p - 3*f + x = 55. What is the remainder when 78 is divided by p?
14
Suppose -110*w - 8663 = 535*w - 204098. What is the remainder when w is divided by 53?
38
Let g(d) = d**2 - 5*d - 11. Let m be g(7). Suppose -m*t - 2*t = -30. Let r = 195 + -190. Calculate the remainder when t is divided by r.
1
Let w(a) = -8*a + 18. Let r be 6 + (-22)/4 + 18/(-4). Suppose c = -0*c + 13. Calculate the remainder when w(r) is divided by c.
11
Let z be -5*10/(-25) - (-3 - -1). Suppose -z*v + 12 - 4 = 0. Suppose 0 = v*f + 34 - 138. What is the remainder when f is divided by 29?
23
Let p = 2500 + -1271. Suppose p - 158 = 17*a. What is the remainder when a is divided by 14?
7
Let v(c) = 4*c**3 - 112*c**2 + 3*c + 136. Calculate the remainder when 1759 is divided by v(28).
219
Let w = -387 + 403. Suppose 92*d - w = 84*d. What is the remainder when -2 + 0 - 2*-3 is divided by d?
0
Let k(j) = -j**3 + 27*j**2 + 2*j - 18. Let i(d) = -d**3 + 26*d**2 + 2*d - 18. Let r(p) = -4*i(p) + 5*k(p). Calculate the remainder when r(31) is divided by 14.
2
Let n = -120 + 61. Let c = n + 77. Suppose 109 = 2*o - 3*j, -o + 26 + c = 2*j. Calculate the remainder when o is divided by 13.
11
Suppose -189 = -4*n + 5*q + 4561, 5*n - 11*q = 5947. What is the remainder when n is divided by 36?
33
Calculate the remainder when 121 is divided by 16*(-8)/(-8)*1 + -2.
9
Let t be 4/(-22) - (-2010)/165. Suppose -5*n + 5*c = 0, -2*n + 0*c = c + t. Let f(w) = -w**2 - 10*w - 8. What is the remainder when 123 is divided by f(n)?
11
Let g(l) = -2*l - 225. Let m be g(39). Let n = m - -316. What is the remainder when 154 is divided by n?
11
Suppose z + 2*d - 70 = -0*z, 2*d + 78 = z. Let t = z - 40. Let u = t + -22. Calculate the remainder when 30 is divided by u.
6
Suppose -5*d + 195 = 5*p, -5*d + 2*p + 0*p + 181 = 0. Suppose -3*m + 2*u - 3*u + 211 = 0, 0 = -m + u + 77. Calculate the remainder when m is divided by d.
35
Suppose 4*u - 70 = 5*h, 0 = -113*h + 117*h + 8. Calculate the remainder when 70 is divided by u.
10
Suppose 0 = -2*h - 801 + 187. Let d = 372 + h. What is the remainder when d is divided by 6?
5
Let l(f) = f**3 + 93*f**2 - 91*f + 319. What is the remainder when 140 is divided by l(-94)?
29
Let f(z) = z**3 + 7*z**2 - 8*z - 14. Suppose o - 104 - 64 = -2*u, -2*o + 420 = 5*u. What is the remainder when u is divided by f(-3)?
38
Let t(o) = 47*o + 6. Let k be t(2). Suppose -4*n + 4 = -k. What is the remainder when n is divided by 1/5 + (-1053)/(-135)?
2
Suppose 0 = -3*c - 6, 5*i - 2*c = -5*c + 159. Suppose -5*t - 4 = -6*t. Calculate the remainder when i is divided by t.
1
Suppose 5*k - 404 = -5*x + x, 3*k - 4*x - 268 = 0. Let s be (-6)/(-14) + 2/(k/486). What is the remainder when (s/(-7))/((-1)/7)*3 is divided by 13?
10
Suppose 3*a - 400 = -c - 4*c, -4*c + 293 = -3*a. Suppose 0 = 2*u - 2*t - 7 - 5, u = -5*t + 42. What is the remainder when c is divided by u?
5
Let b(n) = n**3 + 64*n**2 + 60*n + 39. What is the remainder when b(-63) is divided by 16?
4
Let g = -475 - -1695. What is the remainder when g is divided by 117?
50
Let w = 616 + 3247. Calculate the remainder when w is divided by 24.
23
Suppose -7*n = 25 - 235. Let j = 101 - 89. Calculate the remainder when n is divided by j.
6
Let r(n) = -8*n + 285. Let u be r(11). Let x = u - 161. What is the remainder when x is divided by 33?
3
Suppose -26*j - 7185 = 13251. Let w = 816 + j. What is the remainder when w is divided by 28?
2
Suppose -6*m + 123883 - 16564 = 5*d, -3*d + m + 64373 = 0. Calculate the remainder when d is divided by 37.
36
Let b = -19 - -28. Suppose 5*r - b*h - 837 = -12*h, 0 = -4*h + 16. Calculate the remainder when r is divided by 12.
9
Let d = 6076 - 5502. What is the remainder when d is divided by 166?
76
Let v(p) = p**3 + 25*p**2 + 96*p + 1173. Suppose 8 = b - 0*b. What is the remainder when v(-23) is divided by b?
7
Let z(l) = -l + 135. Calculate the remainder when z(23) is divided by -4 - -24 - 3*(1 - 0).
10
Suppose 22*h = -19 + 107. Suppose -h*d + 43 = -9. Calculate the remainder when 102 is divided by d.
11
Let v(n) = -8*n**2 - 324*n - 5. What is the remainder when v(-34) is divided by 12?
11
Let o(b) = b**3 + 2*b**2 - 4*b - 3. Suppose 0 = 448*f - 455*f + 616. Calculate the remainder when f is divided by o(-2).
3
Let i(r) = -46*r. Let f be i(0). Suppose 0*o + 276 = 4*d + 4*o, f = 2*d + 3*o - 139. What is the remainder when 145 is divided by d?
9
Let q be 83/(-3)*-9 + 1. Suppose q = -5*y + 615. Calculate the remainder when y is divided by 19.
16
Suppose -6*r + 9 = -5*r. Let k(o) = o**2 - 25*o - 740. Calculate the remainder when k(44) is divided by r.
6
Let r(l) = l**3 + l - 1. Let k be r(0). Calculate the remainder when (-6 + 3)*75/(-9) is divided by (k - (-1 - 3))/1 - -7.
5
Suppose -221 = -4*d - 4*u - 1, 3*d - 161 = -4*u. Let q = 2072 - 2056. Calculate the remainder when d is divided by q.
11
Let h = 7729 - 7625. What is the remainder when h is divided by 12?
8
Let w = -13828 - -14717. Calculate the remainder when w is divided by 47.
43
Suppose 0 = -12*b + 7*b + 25. Suppose -7*i + 2*i = b*h - 20, 3*i - 22 = -5*h. Suppose -h*q + 168 + 97 = 0. Calculate the remainder when q is divided by 18.
17
Suppose 0 = 1156*n - 1149*n - 1400. What is the remainder when n is divided by 176?
24
Let w(r) = -6*r**3 + 87*r**2 + 277*r - 7. Calculate the remainder when 554 is divided by w(-3).
19
Let r be 10 + -7 + 2 + -1. Suppose -48 = -0*i - r*i. Suppose -3*q = i - 27. What is the remainder when 42 is divided by q?
2
Let o(q) = -15*q + 1. Suppose -446 = -3*m + 4*c, 642*c = 4*m + 638*c - 588. Calculate the remainder when m is divided by o(-1).
14
Let q = -342 - -326. What is the remainder when 115 is divided by q*((-6)/(-4) - 3)?
19
Suppose -2*f = 71 + 99. Let o = f + 113. Calculate the remainder when 50 is divided by o.
22
Suppose -5 = 3*l - 2, -4*y + 4*l = 0. Calculate the remainder when y + 0 + 143 + -9 is divided by 17.
14
Suppose -4*h = -4*o - 2*h + 222, -o - 2*h + 63 = 0. What is the remainder when o is divided by (-28)/(-644) + 2340/138?
6
Let c(s) = -37*s - 188. What is the remainder when c(-35) is divided by 100?
7
Let r = -4 + 47. Suppose 65*y = -81*y + 4088. What is the remainder when r is divided by y?
15
Calculate the remainder when 558 is divided by -8 - (0 + -1 - 215 - (59 + -64)).
152
Let b be -4 - (-1 - 0) - 278. Let v = -242 - b. What is the remainder when v is divided by 14?
11
Suppose 316*f - 1421 = 36*f + 3339. Let b(n) = 3*n**3 - 4*n**2 + n - 3. Let d be b(4). Suppose d = 2*c - 3. Calculate the remainder when c is divided by f.
15
Let j = 80 + -117. Suppose 27*v - 176 = 1020 - 8. Calculate the remainder when v is divided by j/(-4) - 5/20.
8
Let b = 9367 + -9359. Calculate the remainder when 29 is divided by b.
5
Let b = 1209 - 1176. Calculate the remainder when 622 is divided by b.
28
What is the remainder when (4 - 1*-1990)*((0 - 2) + 4) is divided by 38?
36
Let r be 1/(-2*(-3)/6) - -9. Suppose -r*l + 324 = -l. Suppose 5*a - 91 = -2*x, a + a = -x + l. Calculate the remain